factors of w(4).
41
Let u(i) be the third derivative of i**6/120 + 3*i**5/20 - i**4/12 + 5*i**3/6 + 27*i**2. List the prime factors of u(-7).
3, 13
Let l = 297 - 50. What are the prime factors of l?
13, 19
Suppose -2*t + 6172 = 2*z, 5*z = 4*t - 2*t + 15416. List the prime factors of z.
2, 3, 257
Suppose -24570 = 396*w - 431*w. What are the prime factors of w?
2, 3, 13
Suppose p - 5*n - 688 = 235, -4*n = p - 932. List the prime factors of p.
2, 29
Let x(j) = -j + 3. Let o be x(5). Suppose 4*y + 168 = 4*h, 4*h + 62 = -0*y - y. What are the prime factors of y/o - (-6 - -3)?
2, 13
Suppose 924 = 2*d + 4*g, -d + 1848 = 3*d + 4*g. What are the prime factors of d?
2, 3, 7, 11
Let l = -1914 - -2821. What are the prime factors of l?
907
Suppose -7*g = -4*g - 9. Let i = 38 - g. Let p = i + -32. List the prime factors of p.
3
Let k(v) = 11*v - 29. Let r be k(8). Let q = -37 - -78. Let d = r - q. List the prime factors of d.
2, 3
Let u(t) = 28*t + 27*t + 27*t - 1 - 92*t. What are the prime factors of u(-2)?
19
Let a(s) = s**3 + 6*s**2 + 7*s + 7. Let j be a(-5). Let k = j - -8. Let n(m) = 6*m + 1. List the prime factors of n(k).
31
Let i(j) = 273*j**2 + 6*j - 5. What are the prime factors of i(1)?
2, 137
Let l = -1090 - -1864. Suppose -3*p - 754 = -5*r + p, -5*r + l = p. What are the prime factors of r?
2, 7, 11
Let y = 1562 + -957. List the prime factors of y.
5, 11
Let x = 10 + 65. Let o = x - 33. List the prime factors of o/10*(-3 - -8).
3, 7
Let z = 181 - -426. List the prime factors of z.
607
Let c = 375 - -373. What are the prime factors of c?
2, 11, 17
Let q = 5 + -2. Let i(r) = -r**3 - r**2 + 39. Let j be i(0). Suppose m = o - 12 + 3, -q*o - 3*m = -j. What are the prime factors of o?
11
Suppose 5*l = v - 362, 82*l + 691 = 2*v + 83*l. List the prime factors of v.
347
Let s = 0 - -2. Let x(z) = 8*z**s + 2*z**3 - 3*z**3 + z - 2 + 2*z + 0*z**2. List the prime factors of x(7).
2, 17
Let n be 1/((6/2)/6). Suppose 4*r + 58 = 5*p + r, n*p - 17 = -5*r. What are the prime factors of p?
11
Suppose 4*g - 4200 = -5*m, -3*m - 3*g - 1238 + 3758 = 0. What are the prime factors of m?
2, 3, 5, 7
Suppose -43 = -4*j + 9. Suppose -j = -z + 22. What are the prime factors of z?
5, 7
Let r be (5 - 4)*2 - 0. Let u(i) = -6 + 5 + 7*i**r - 5*i + 0. List the prime factors of u(3).
47
Let g(k) = -k**3 - 13*k**2 - 37*k - 1. List the prime factors of g(-15).
2, 251
Let j be 1484/(-21) + (-4)/12. Let z = 138 + j. List the prime factors of z.
67
Suppose -13 - 5 = -w. Suppose 0 = w*j - 4*j - 2814. List the prime factors of j.
3, 67
Let z(n) = -3*n - n**2 + 14*n + 5*n - 9. Let u be z(15). Suppose 4*m - 116 = 4*s, m + 3*s + 145 = u*m. What are the prime factors of m?
29
Suppose -4*x - x = 5*k - 60, -4*x + 42 = 2*k. Let z(u) = u**3 - 7*u**2 + 8*u + 1. List the prime factors of z(x).
5, 47
Suppose -9*l = -5*l - 1616. List the prime factors of l.
2, 101
Suppose -v = -3*v + 2. List the prime factors of v/(((-6)/153)/(-2)).
3, 17
Suppose 441 = 4*j + 5*j. Suppose 8*a - 1943 - j = 0. What are the prime factors of a?
3, 83
Let j be (-24)/1 + -4 + -3. Let u = j - -33. Suppose u*f + 2*f = 4, 4*f = 3*z - 170. List the prime factors of z.
2, 29
Let x = 1156 - 515. List the prime factors of x.
641
Suppose 11*y = 2*y - 36. Let b(i) = -i**3 + 5*i**2 + 4*i + 3. List the prime factors of b(y).
131
Let s(d) = -5*d**3 + 14*d**2 - 10*d - 1. Let w(p) = 6*p**3 - 15*p**2 + 9*p + 1. Let a(x) = 5*s(x) + 4*w(x). What are the prime factors of a(8)?
3, 5
Let z = -8 - -13. Suppose -203 = -4*w + m, -w + m = -52 + z. What are the prime factors of w?
2, 13
Let g(h) = 36*h**2 + 11*h + 42*h**2 - 77*h**2 + 4. What are the prime factors of g(-12)?
2
Let v(o) = 2926*o**3 - 2*o**2 + 4*o - 3. What are the prime factors of v(1)?
3, 5, 13
Let m = 2329 - 1336. List the prime factors of m.
3, 331
Suppose 0 = 3*m, t + 3*m = 4*t. What are the prime factors of -3 - t - 640/(-10)?
61
Suppose 5*a = w + 699, -3*w + 540 = 4*a + w. List the prime factors of a.
139
Suppose 76 = -5*r + 4*o, 0*o + 2*o - 8 = 0. What are the prime factors of (-3)/2*(r + -2)?
3, 7
Suppose -4*l + 2*b = -2, -2*l - 2*b + 4 + 12 = 0. Suppose c = -l + 22. List the prime factors of c.
19
Let k(j) = -j**3 - 5*j**2 + j + 5. Let l(r) = -r**3 + r - 1. Let t(u) = k(u) - 3*l(u). List the prime factors of t(4).
2, 3
Suppose -5*x + 15807 = 3*t, -7*x - 2*t = -4*x - 9484. Suppose -10*w + x = 712. List the prime factors of w.
5, 7
Suppose 39*n - 27*n = 36792. List the prime factors of n.
2, 3, 7, 73
Suppose 17*m - 763 - 4099 = 0. What are the prime factors of m?
2, 11, 13
Suppose -4*j = 2 - 74. Suppose 0 = -3*r + j. What are the prime factors of r?
2, 3
Let s(q) = 2*q - 10. Let f = 16 + -17. Let h(x) = -x + 1. Let b(v) = f*s(v) - 8*h(v). What are the prime factors of b(5)?
2
Let o(k) = -k + 1. Let r be o(0). Let y = 5 - r. Suppose 3*l - x - 17 = 0, -y*l - 2*x + 11 = -15. List the prime factors of l.
2, 3
Let r(i) = 2*i**3 + 2*i**2 - 1. Let g be r(-1). Let b be ((g + 13)/(-3))/(-2). Suppose 0*w + 82 = 2*w - b*a, 0 = -5*w - 5*a + 185. List the prime factors of w.
3, 13
Let b = -436 + 1582. What are the prime factors of b?
2, 3, 191
Suppose 2*s - 5*s - 213 = 0. Let k be (-364)/8 - 1/2. Let b = k - s. List the prime factors of b.
5
Suppose 0 = 5*f + 4*i + 1333, -3*i + 7*i - 819 = 3*f. Let j = 476 + f. Suppose -5*r + 264 = -4*w, -4*r + 5*w + j = 6*w. List the prime factors of r.
2, 13
Suppose 765 = 3*n - 0*x - 3*x, 4*n + 3*x - 1041 = 0. Suppose 8*l - 478 = n. List the prime factors of l.
2, 23
Let o(j) be the first derivative of 3*j**2/2 + 14*j - 1. Let b be o(10). Suppose -3*g = -4 - b. What are the prime factors of g?
2
Let l(s) = s**2 - 8*s - 8. Let n be l(9). List the prime factors of (-45)/(-12)*28/n.
3, 5, 7
Let p = 114 + -80. Let u = 48 - p. Suppose -n - 4 = 0, 102 = 2*h - 5*n + u. List the prime factors of h.
2, 17
Let c(u) = u**2 + 4*u + 4. Let r be c(-4). What are the prime factors of 364/r - 4/(-2)?
3, 31
Suppose 3*z - 3*j = -15, z + 17 = -3*z + 5*j. List the prime factors of (-2)/(4/(-38)) - (z + 7).
2, 5
Let o(n) = -696*n - 14. Let a be o(-3). What are the prime factors of (-6)/45*3 + a/10?
3, 23
Let y be (-27)/9 + -2*1. Let m(z) = -2 - 3 - 3*z + 2. List the prime factors of m(y).
2, 3
Suppose -4*c + 5*c - 4 = 0. Let h be (-3)/(c + 23/(-5)). Suppose 0*q - 3*q - 105 = -3*o, -h*o - 2*q = -147. What are the prime factors of o?
31
Let w be 5052/15 + 6/30. Suppose w - 1345 = -12*t. List the prime factors of t.
2, 3, 7
List the prime factors of (7 - 154/21)/(2/(-3834)).
3, 71
Let x be -7 + 2*(-9)/(-3). Let a(d) = d**2 - 3*d - 1. Let l be a(5). List the prime factors of (-6)/l*6*x.
2
Let j = -24 + 27. Suppose -4*i - j*v + 190 = -22, 0 = -5*i + 2*v + 242. Suppose 0*o + i = o. What are the prime factors of o?
2, 5
Suppose 2*i - 138 = 4*m, 2*i + 3*m - 21 = 96. Let b = i + -7. What are the prime factors of b?
2, 7
Suppose 3*a = -i + 211 + 770, 5*a = 5*i + 1635. What are the prime factors of a?
3, 109
List the prime factors of (121317/(-265))/(3/(-10)).
2, 7, 109
Let x(c) = 17*c**2 - c + 2. Suppose 2*a = -4*g, 3*g - 13 = 4*a + a. Let s be x(a). List the prime factors of (s/(-21))/((-2)/7).
2, 3
Let c(f) = -f**2 - 7*f - 7. Let y be c(-5). Suppose 324 = y*b + 5*k, -b = 5*k + 74 - 192. What are the prime factors of b?
103
Suppose 0 = 10*s - 6*s - 44. Let t(x) be the third derivative of x**6/120 - x**5/6 - 11*x**4/24 + 2*x**3/3 - x**2. What are the prime factors of t(s)?
2
Suppose 0 = -3*i + i - 2*w + 6, 0 = -5*w + 10. Suppose -h = i - 12. List the prime factors of h.
11
Suppose 0 = -28*s + 136101 - 14665. What are the prime factors of s?
4337
Let j(f) = f**2 + 13*f + 1. Let p be j(-14). Suppose -11*k = -8*k - p. What are the prime factors of k?
5
Let l = 19340 - 10541. Let u be -2 - 1 - l/(-21). Suppose 5*k + 71 - u = 0. What are the prime factors of k?
3, 23
Let k = 409 - -204. List the prime factors of k.
613
What are the prime factors of (-1 - (-278)/14)*(113 + -92)?
2, 3, 11
Let j = 671 - -1926. List the prime factors of j.
7, 53
Suppose -d = 5*d. Suppose -70 = -d*g - g. What are the prime factors of g?
2, 5, 7
Let z(s) = 10*s**3 - 13*s**2 + 6*s + 5. List the prime factors of z(4).
461
Let n be ((-3)/5)/((-6)/60). Let q be (-4)/n*(-6 + -3). Let o = 0 + q. List the prime fa